[INFO] cloning repository https://github.com/lukehoban/endo-rust
[INFO] running `Command { std: "git" "-c" "credential.helper=" "-c" "credential.helper=/workspace/cargo-home/bin/git-credential-null" "clone" "--bare" "https://github.com/lukehoban/endo-rust" "/workspace/cache/git-repos/https%3A%2F%2Fgithub.com%2Flukehoban%2Fendo-rust", kill_on_drop: false }`
[INFO] [stderr] Cloning into bare repository '/workspace/cache/git-repos/https%3A%2F%2Fgithub.com%2Flukehoban%2Fendo-rust'...
[INFO] running `Command { std: "git" "rev-parse" "HEAD", kill_on_drop: false }`
[INFO] [stdout] 2e1fa8cf66fca99776edcd550e1c38a518a43622
[INFO] checking lukehoban/endo-rust against try#72f88fc4e9458f89516a0b8b0868f3718aec5b47 for pr-74989
[INFO] running `Command { std: "git" "clone" "/workspace/cache/git-repos/https%3A%2F%2Fgithub.com%2Flukehoban%2Fendo-rust" "/workspace/builds/worker-12/source", kill_on_drop: false }`
[INFO] [stderr] Cloning into '/workspace/builds/worker-12/source'...
[INFO] [stderr] done.
[INFO] validating manifest of git repo https://github.com/lukehoban/endo-rust on toolchain 72f88fc4e9458f89516a0b8b0868f3718aec5b47
[INFO] running `Command { std: "/workspace/cargo-home/bin/cargo" "+72f88fc4e9458f89516a0b8b0868f3718aec5b47" "read-manifest" "--manifest-path" "Cargo.toml", kill_on_drop: false }`
[INFO] started tweaking git repo https://github.com/lukehoban/endo-rust
[INFO] removed path dependency xi-rope from git repo https://github.com/lukehoban/endo-rust
[INFO] finished tweaking git repo https://github.com/lukehoban/endo-rust
[INFO] tweaked toml for git repo https://github.com/lukehoban/endo-rust written to /workspace/builds/worker-12/source/Cargo.toml
[INFO] crate git repo https://github.com/lukehoban/endo-rust already has a lockfile, it will not be regenerated
[INFO] running `Command { std: "/workspace/cargo-home/bin/cargo" "+72f88fc4e9458f89516a0b8b0868f3718aec5b47" "fetch" "--locked" "--manifest-path" "Cargo.toml", kill_on_drop: false }`
[INFO] [stderr] warning: dependency (xi-rope) specified without providing a local path, Git repository, or version to use. This will be considered an error in future versions
[INFO] [stderr]     Updating crates.io index
[INFO] [stderr] error: the lock file /workspace/builds/worker-12/source/Cargo.lock needs to be updated but --locked was passed to prevent this
[INFO] [stderr] If you want to try to generate the lock file without accessing the network, use the --offline flag.
[INFO] the lockfile is outdated, regenerating it
[INFO] running `Command { std: "/workspace/cargo-home/bin/cargo" "+72f88fc4e9458f89516a0b8b0868f3718aec5b47" "generate-lockfile" "--manifest-path" "Cargo.toml" "-Zno-index-update", kill_on_drop: false }`
[INFO] [stderr]     Blocking waiting for file lock on package cache
[INFO] running `Command { std: "/workspace/cargo-home/bin/cargo" "+72f88fc4e9458f89516a0b8b0868f3718aec5b47" "fetch" "--locked" "--manifest-path" "Cargo.toml", kill_on_drop: false }`
[INFO] [stderr] warning: dependency (xi-rope) specified without providing a local path, Git repository, or version to use. This will be considered an error in future versions
[INFO] [stderr]     Blocking waiting for file lock on package cache
[INFO] running `Command { std: "docker" "create" "-v" "/var/lib/crater-agent-workspace/builds/worker-12/target:/opt/rustwide/target:rw,Z" "-v" "/var/lib/crater-agent-workspace/builds/worker-12/source:/opt/rustwide/workdir:ro,Z" "-v" "/var/lib/crater-agent-workspace/cargo-home:/opt/rustwide/cargo-home:ro,Z" "-v" "/var/lib/crater-agent-workspace/rustup-home:/opt/rustwide/rustup-home:ro,Z" "-e" "SOURCE_DIR=/opt/rustwide/workdir" "-e" "CARGO_TARGET_DIR=/opt/rustwide/target" "-e" "CARGO_HOME=/opt/rustwide/cargo-home" "-e" "RUSTUP_HOME=/opt/rustwide/rustup-home" "-w" "/opt/rustwide/workdir" "-m" "1610612736" "--user" "0:0" "--network" "none" "rustops/crates-build-env@sha256:d92eaeed33fa75130ca1ee6c8a01d1ffb62bac859dfdfb3450e3e5d1c0146529" "/opt/rustwide/cargo-home/bin/cargo" "+72f88fc4e9458f89516a0b8b0868f3718aec5b47" "metadata" "--no-deps" "--format-version=1", kill_on_drop: false }`
[INFO] [stdout] 2bf31715db5abc415b65ed29da93c9053910bafae209928b0f0c215cb195e849
[INFO] [stderr] WARNING: Your kernel does not support swap limit capabilities or the cgroup is not mounted. Memory limited without swap.
[INFO] running `Command { std: "docker" "start" "-a" "2bf31715db5abc415b65ed29da93c9053910bafae209928b0f0c215cb195e849", kill_on_drop: false }`
[INFO] running `Command { std: "docker" "inspect" "2bf31715db5abc415b65ed29da93c9053910bafae209928b0f0c215cb195e849", kill_on_drop: false }`
[INFO] running `Command { std: "docker" "rm" "-f" "2bf31715db5abc415b65ed29da93c9053910bafae209928b0f0c215cb195e849", kill_on_drop: false }`
[INFO] [stdout] 2bf31715db5abc415b65ed29da93c9053910bafae209928b0f0c215cb195e849
[INFO] running `Command { std: "docker" "create" "-v" "/var/lib/crater-agent-workspace/builds/worker-12/target:/opt/rustwide/target:rw,Z" "-v" "/var/lib/crater-agent-workspace/builds/worker-12/source:/opt/rustwide/workdir:ro,Z" "-v" "/var/lib/crater-agent-workspace/cargo-home:/opt/rustwide/cargo-home:ro,Z" "-v" "/var/lib/crater-agent-workspace/rustup-home:/opt/rustwide/rustup-home:ro,Z" "-e" "SOURCE_DIR=/opt/rustwide/workdir" "-e" "CARGO_TARGET_DIR=/opt/rustwide/target" "-e" "CARGO_INCREMENTAL=0" "-e" "RUST_BACKTRACE=full" "-e" "RUSTFLAGS=--cap-lints=forbid" "-e" "CARGO_HOME=/opt/rustwide/cargo-home" "-e" "RUSTUP_HOME=/opt/rustwide/rustup-home" "-w" "/opt/rustwide/workdir" "-m" "1610612736" "--user" "0:0" "--network" "none" "rustops/crates-build-env@sha256:d92eaeed33fa75130ca1ee6c8a01d1ffb62bac859dfdfb3450e3e5d1c0146529" "/opt/rustwide/cargo-home/bin/cargo" "+72f88fc4e9458f89516a0b8b0868f3718aec5b47" "check" "--frozen" "--all" "--all-targets" "--message-format=json", kill_on_drop: false }`
[INFO] [stdout] 0f233ea52de5936dd5676eab8b31c8a20d38ebf50dadc26de176cc739efa25d0
[INFO] [stderr] WARNING: Your kernel does not support swap limit capabilities or the cgroup is not mounted. Memory limited without swap.
[INFO] running `Command { std: "docker" "start" "-a" "0f233ea52de5936dd5676eab8b31c8a20d38ebf50dadc26de176cc739efa25d0", kill_on_drop: false }`
[INFO] [stderr] warning: dependency (xi-rope) specified without providing a local path, Git repository, or version to use. This will be considered an error in future versions
[INFO] [stderr]     Checking lazy_static v1.4.0
[INFO] [stderr]    Compiling maybe-uninit v2.0.0
[INFO] [stderr]    Compiling libc v0.2.77
[INFO] [stderr]    Compiling rayon-core v1.8.0
[INFO] [stderr]     Checking scopeguard v1.1.0
[INFO] [stderr]    Compiling memchr v2.3.3
[INFO] [stderr]    Compiling bitflags v1.2.1
[INFO] [stderr]     Checking regex-syntax v0.6.18
[INFO] [stderr]     Checking bytemuck v1.4.1
[INFO] [stderr]     Checking bytecount v0.5.1
[INFO] [stderr]     Checking scoped_threadpool v0.1.9
[INFO] [stderr]    Compiling crossbeam-utils v0.7.2
[INFO] [stderr]    Compiling memoffset v0.5.5
[INFO] [stderr]    Compiling crossbeam-epoch v0.8.2
[INFO] [stderr]    Compiling num-traits v0.2.12
[INFO] [stderr]    Compiling num-integer v0.1.43
[INFO] [stderr]    Compiling rayon v1.4.0
[INFO] [stderr]    Compiling num-rational v0.3.0
[INFO] [stderr]     Checking gif v0.10.3
[INFO] [stderr]     Checking getopts v0.2.21
[INFO] [stderr]     Checking thread_local v1.0.1
[INFO] [stderr]     Checking deflate v0.8.6
[INFO] [stderr]     Checking tiff v0.5.0
[INFO] [stderr]     Checking aho-corasick v0.7.13
[INFO] [stderr]     Checking png v0.16.7
[INFO] [stderr]     Checking crossbeam-channel v0.4.4
[INFO] [stderr]     Checking crossbeam-deque v0.7.3
[INFO] [stderr]     Checking num_cpus v1.13.0
[INFO] [stderr]     Checking num-iter v0.1.41
[INFO] [stderr]     Checking regex v1.3.9
[INFO] [stderr]     Checking xi-rope v0.3.0
[INFO] [stderr]     Checking jpeg-decoder v0.1.20
[INFO] [stderr]     Checking image v0.23.9
[INFO] [stderr]     Checking endo v0.1.0 (/opt/rustwide/workdir)
[INFO] [stdout] error[E0432]: unresolved import `xi_rope::ChunkIter`
[INFO] [stdout]  --> src/dna.rs:2:21
[INFO] [stdout]   |
[INFO] [stdout] 2 | use xi_rope::{Rope, ChunkIter};
[INFO] [stdout]   |                     ^^^^^^^^^ no `ChunkIter` in the root
[INFO] [stdout] 
[INFO] [stdout] 
[INFO] [stdout] error[E0432]: unresolved import `xi_rope::ChunkIter`
[INFO] [stdout]  --> src/dna.rs:2:21
[INFO] [stdout]   |
[INFO] [stdout] 2 | use xi_rope::{Rope, ChunkIter};
[INFO] [stdout]   |                     ^^^^^^^^^ no `ChunkIter` in the root
[INFO] [stdout] 
[INFO] [stdout] 
[INFO] [stdout] error[E0061]: this function takes 1 argument but 2 arguments were supplied
[INFO] [stdout]    --> src/main.rs:100:38
[INFO] [stdout]     |
[INFO] [stdout] 100 |             let bases = endo.clone().slice(13615 + gene.offset, 13615 + gene.offset + gene.length);
[INFO] [stdout]     |                                      ^^^^^ -------------------  --------------------------------- supplied 2 arguments
[INFO] [stdout]     |                                      |
[INFO] [stdout]     |                                      expected 1 argument
[INFO] [stdout] 
[INFO] [stdout] 
[INFO] [stdout] error[E0061]: this function takes 1 argument but 2 arguments were supplied
[INFO] [stdout]    --> src/main.rs:108:36
[INFO] [stdout]     |
[INFO] [stdout] 108 |         let segment = endo.clone().slice(13615 + offset, 13615 + offset + length);
[INFO] [stdout]     |                                    ^^^^^ --------------  ----------------------- supplied 2 arguments
[INFO] [stdout]     |                                    |
[INFO] [stdout]     |                                    expected 1 argument
[INFO] [stdout] 
[INFO] [stdout] 
[INFO] [stdout] error[E0061]: this function takes 1 argument but 2 arguments were supplied
[INFO] [stdout]    --> src/main.rs:100:38
[INFO] [stdout]     |
[INFO] [stdout] 100 |             let bases = endo.clone().slice(13615 + gene.offset, 13615 + gene.offset + gene.length);
[INFO] [stdout]     |                                      ^^^^^ -------------------  --------------------------------- supplied 2 arguments
[INFO] [stdout]     |                                      |
[INFO] [stdout]     |                                      expected 1 argument
[INFO] [stdout] 
[INFO] [stdout] 
[INFO] [stdout] error[E0061]: this function takes 1 argument but 2 arguments were supplied
[INFO] [stdout]    --> src/main.rs:108:36
[INFO] [stdout]     |
[INFO] [stdout] 108 |         let segment = endo.clone().slice(13615 + offset, 13615 + offset + length);
[INFO] [stdout]     |                                    ^^^^^ --------------  ----------------------- supplied 2 arguments
[INFO] [stdout]     |                                    |
[INFO] [stdout]     |                                    expected 1 argument
[INFO] [stdout] 
[INFO] [stdout] 
[INFO] [stdout] error[E0599]: no method named `push` found for struct `Node<RopeInfo>` in the current scope
[INFO] [stdout]    --> src/main.rs:115:9
[INFO] [stdout]     |
[INFO] [stdout] 115 |     dna.push(endo);
[INFO] [stdout]     |         ^^^^ method not found in `Node<RopeInfo>`
[INFO] [stdout] 
[INFO] [stdout] 
[INFO] [stdout] error[E0061]: this function takes 1 argument but 0 arguments were supplied
[INFO] [stdout]   --> src/dna.rs:64:26
[INFO] [stdout]    |
[INFO] [stdout] 64 |         chunk_iter: rope.iter_chunks(),
[INFO] [stdout]    |                          ^^^^^^^^^^^- supplied 0 arguments
[INFO] [stdout]    |                          |
[INFO] [stdout]    |                          expected 1 argument
[INFO] [stdout] 
[INFO] [stdout] 
[INFO] [stdout] error[E0061]: this function takes 1 argument but 2 arguments were supplied
[INFO] [stdout]    --> src/dna.rs:146:50
[INFO] [stdout]     |
[INFO] [stdout] 146 |     assert_eq!("IIC", &String::from(rope.clone().slice(iter.index, rope.len())));    
[INFO] [stdout]     |                                                  ^^^^^ ----------  ---------- supplied 2 arguments
[INFO] [stdout]     |                                                  |
[INFO] [stdout]     |                                                  expected 1 argument
[INFO] [stdout] 
[INFO] [stdout] 
[INFO] [stdout] error[E0061]: this function takes 1 argument but 2 arguments were supplied
[INFO] [stdout]    --> src/dna.rs:253:48
[INFO] [stdout]     |
[INFO] [stdout] 253 |                 Some(c0) => e.push(dna.clone().slice(c0, i)),
[INFO] [stdout]     |                                                ^^^^^ --  - supplied 2 arguments
[INFO] [stdout]     |                                                |
[INFO] [stdout]     |                                                expected 1 argument
[INFO] [stdout] 
[INFO] [stdout] 
[INFO] [stdout] error[E0061]: this function takes 1 argument but 2 arguments were supplied
[INFO] [stdout]    --> src/dna.rs:269:23
[INFO] [stdout]     |
[INFO] [stdout] 269 |     replace(t, e, dna.slice(i, dna_len))
[INFO] [stdout]     |                       ^^^^^ -  ------- supplied 2 arguments
[INFO] [stdout]     |                       |
[INFO] [stdout]     |                       expected 1 argument
[INFO] [stdout] 
[INFO] [stdout] 
[INFO] [stdout] error[E0061]: this function takes 1 argument but 2 arguments were supplied
[INFO] [stdout]    --> src/dna.rs:274:32
[INFO] [stdout]     |
[INFO] [stdout] 274 |     let rest_dna = dna.clone().slice(i, dna.len());
[INFO] [stdout]     |                                ^^^^^ -  --------- supplied 2 arguments
[INFO] [stdout]     |                                |
[INFO] [stdout]     |                                expected 1 argument
[INFO] [stdout] 
[INFO] [stdout] 
[INFO] [stdout] error[E0599]: no method named `push` found for struct `Node<RopeInfo>` in the current scope
[INFO] [stdout]    --> src/main.rs:115:9
[INFO] [stdout]     |
[INFO] [stdout] 115 |     dna.push(endo);
[INFO] [stdout]     |         ^^^^ method not found in `Node<RopeInfo>`
[INFO] [stdout] 
[INFO] [stdout] 
[INFO] [stdout] error[E0061]: this function takes 1 argument but 0 arguments were supplied
[INFO] [stdout]   --> src/dna.rs:64:26
[INFO] [stdout]    |
[INFO] [stdout] 64 |         chunk_iter: rope.iter_chunks(),
[INFO] [stdout]    |                          ^^^^^^^^^^^- supplied 0 arguments
[INFO] [stdout]    |                          |
[INFO] [stdout]    |                          expected 1 argument
[INFO] [stdout] 
[INFO] [stdout] 
[INFO] [stdout] error[E0599]: no method named `push_str` found for struct `Node<RopeInfo>` in the current scope
[INFO] [stdout]    --> src/dna.rs:313:25
[INFO] [stdout]     |
[INFO] [stdout] 313 |                     ret.push_str(&bases);
[INFO] [stdout]     |                         ^^^^^^^^ method not found in `Node<RopeInfo>`
[INFO] [stdout] 
[INFO] [stdout] 
[INFO] [stdout] error[E0599]: no method named `push` found for struct `Node<RopeInfo>` in the current scope
[INFO] [stdout]    --> src/dna.rs:316:21
[INFO] [stdout]     |
[INFO] [stdout] 316 |                 ret.push(protect(l, env_get(&e, n)))
[INFO] [stdout]     |                     ^^^^ method not found in `Node<RopeInfo>`
[INFO] [stdout] 
[INFO] [stdout] 
[INFO] [stdout] error[E0599]: no method named `push_str` found for struct `Node<RopeInfo>` in the current scope
[INFO] [stdout]    --> src/dna.rs:320:25
[INFO] [stdout]     |
[INFO] [stdout] 320 |                     ret.push_str(&bases);
[INFO] [stdout]     |                         ^^^^^^^^ method not found in `Node<RopeInfo>`
[INFO] [stdout] 
[INFO] [stdout] 
[INFO] [stdout] error[E0599]: no method named `push` found for struct `Node<RopeInfo>` in the current scope
[INFO] [stdout]    --> src/dna.rs:323:21
[INFO] [stdout]     |
[INFO] [stdout] 323 |                 ret.push(asnat(env_get(&e, n).len()))
[INFO] [stdout]     |                     ^^^^ method not found in `Node<RopeInfo>`
[INFO] [stdout] 
[INFO] [stdout] 
[INFO] [stdout] error[E0599]: no method named `push_str` found for struct `Node<RopeInfo>` in the current scope
[INFO] [stdout]    --> src/dna.rs:328:13
[INFO] [stdout]     |
[INFO] [stdout] 328 |         ret.push_str(&bases);
[INFO] [stdout]     |             ^^^^^^^^ method not found in `Node<RopeInfo>`
[INFO] [stdout] 
[INFO] [stdout] 
[INFO] [stdout] error[E0599]: no method named `push` found for struct `Node<RopeInfo>` in the current scope
[INFO] [stdout]    --> src/dna.rs:330:9
[INFO] [stdout]     |
[INFO] [stdout] 330 |     ret.push(dna);
[INFO] [stdout]     |         ^^^^ method not found in `Node<RopeInfo>`
[INFO] [stdout] 
[INFO] [stdout] 
[INFO] [stdout] error[E0061]: this function takes 1 argument but 2 arguments were supplied
[INFO] [stdout]    --> src/dna.rs:253:48
[INFO] [stdout]     |
[INFO] [stdout] 253 |                 Some(c0) => e.push(dna.clone().slice(c0, i)),
[INFO] [stdout]     |                                                ^^^^^ --  - supplied 2 arguments
[INFO] [stdout]     |                                                |
[INFO] [stdout]     |                                                expected 1 argument
[INFO] [stdout] 
[INFO] [stdout] 
[INFO] [stdout] error[E0061]: this function takes 1 argument but 2 arguments were supplied
[INFO] [stdout]    --> src/dna.rs:420:40
[INFO] [stdout]     |
[INFO] [stdout] 420 |         dna = match_replace(p, &t, dna.slice(index, dna_len), logging);
[INFO] [stdout]     |                                        ^^^^^ -----  ------- supplied 2 arguments
[INFO] [stdout]     |                                        |
[INFO] [stdout]     |                                        expected 1 argument
[INFO] [stdout] 
[INFO] [stdout] 
[INFO] [stdout] error[E0061]: this function takes 1 argument but 2 arguments were supplied
[INFO] [stdout]    --> src/dna.rs:269:23
[INFO] [stdout]     |
[INFO] [stdout] 269 |     replace(t, e, dna.slice(i, dna_len))
[INFO] [stdout]     |                       ^^^^^ -  ------- supplied 2 arguments
[INFO] [stdout]     |                       |
[INFO] [stdout]     |                       expected 1 argument
[INFO] [stdout] 
[INFO] [stdout] 
[INFO] [stdout] error[E0061]: this function takes 1 argument but 2 arguments were supplied
[INFO] [stdout]    --> src/dna.rs:274:32
[INFO] [stdout]     |
[INFO] [stdout] 274 |     let rest_dna = dna.clone().slice(i, dna.len());
[INFO] [stdout]     |                                ^^^^^ -  --------- supplied 2 arguments
[INFO] [stdout]     |                                |
[INFO] [stdout]     |                                expected 1 argument
[INFO] [stdout] 
[INFO] [stdout] 
[INFO] [stdout] error[E0599]: no method named `push_str` found for struct `Node<RopeInfo>` in the current scope
[INFO] [stdout]    --> src/dna.rs:313:25
[INFO] [stdout]     |
[INFO] [stdout] 313 |                     ret.push_str(&bases);
[INFO] [stdout]     |                         ^^^^^^^^ method not found in `Node<RopeInfo>`
[INFO] [stdout] 
[INFO] [stdout] 
[INFO] [stdout] error[E0599]: no method named `push` found for struct `Node<RopeInfo>` in the current scope
[INFO] [stdout]    --> src/dna.rs:316:21
[INFO] [stdout]     |
[INFO] [stdout] 316 |                 ret.push(protect(l, env_get(&e, n)))
[INFO] [stdout]     |                     ^^^^ method not found in `Node<RopeInfo>`
[INFO] [stdout] 
[INFO] [stdout] 
[INFO] [stdout] error[E0599]: no method named `push_str` found for struct `Node<RopeInfo>` in the current scope
[INFO] [stdout]    --> src/dna.rs:320:25
[INFO] [stdout]     |
[INFO] [stdout] 320 |                     ret.push_str(&bases);
[INFO] [stdout]     |                         ^^^^^^^^ method not found in `Node<RopeInfo>`
[INFO] [stdout] 
[INFO] [stdout] 
[INFO] [stdout] error[E0599]: no method named `push` found for struct `Node<RopeInfo>` in the current scope
[INFO] [stdout]    --> src/dna.rs:323:21
[INFO] [stdout]     |
[INFO] [stdout] 323 |                 ret.push(asnat(env_get(&e, n).len()))
[INFO] [stdout]     |                     ^^^^ method not found in `Node<RopeInfo>`
[INFO] [stdout] 
[INFO] [stdout] 
[INFO] [stdout] error[E0599]: no method named `push_str` found for struct `Node<RopeInfo>` in the current scope
[INFO] [stdout]    --> src/dna.rs:328:13
[INFO] [stdout]     |
[INFO] [stdout] 328 |         ret.push_str(&bases);
[INFO] [stdout]     |             ^^^^^^^^ method not found in `Node<RopeInfo>`
[INFO] [stdout] 
[INFO] [stdout] 
[INFO] [stdout] error[E0599]: no method named `push` found for struct `Node<RopeInfo>` in the current scope
[INFO] [stdout]    --> src/dna.rs:330:9
[INFO] [stdout]     |
[INFO] [stdout] 330 |     ret.push(dna);
[INFO] [stdout]     |         ^^^^ method not found in `Node<RopeInfo>`
[INFO] [stdout] 
[INFO] [stdout] 
[INFO] [stdout] error[E0061]: this function takes 1 argument but 2 arguments were supplied
[INFO] [stdout]    --> src/dna.rs:420:40
[INFO] [stdout]     |
[INFO] [stdout] 420 |         dna = match_replace(p, &t, dna.slice(index, dna_len), logging);
[INFO] [stdout]     |                                        ^^^^^ -----  ------- supplied 2 arguments
[INFO] [stdout]     |                                        |
[INFO] [stdout]     |                                        expected 1 argument
[INFO] [stdout] 
[INFO] [stdout] 
[INFO] [stdout] error[E0061]: this function takes 1 argument but 2 arguments were supplied
[INFO] [stdout]    --> src/gene.rs:112:33
[INFO] [stdout]     |
[INFO] [stdout] 112 |         let bases = dna.clone().slice(13615 + gene.offset, 13615 + gene.offset + gene.length);
[INFO] [stdout]     |                                 ^^^^^ -------------------  --------------------------------- supplied 2 arguments
[INFO] [stdout]     |                                 |
[INFO] [stdout]     |                                 expected 1 argument
[INFO] [stdout] 
[INFO] [stdout] 
[INFO] [stdout] error[E0061]: this function takes 1 argument but 2 arguments were supplied
[INFO] [stdout]    --> src/gene.rs:114:49
[INFO] [stdout]     |
[INFO] [stdout] 114 |             gene.code = Some(String::from(bases.slice(3, 10)))
[INFO] [stdout]     |                                                 ^^^^^ -  -- supplied 2 arguments
[INFO] [stdout]     |                                                 |
[INFO] [stdout]     |                                                 expected 1 argument
[INFO] [stdout] 
[INFO] [stdout] 
[INFO] [stdout] error[E0061]: this function takes 1 argument but 2 arguments were supplied
[INFO] [stdout]    --> src/gene.rs:112:33
[INFO] [stdout]     |
[INFO] [stdout] 112 |         let bases = dna.clone().slice(13615 + gene.offset, 13615 + gene.offset + gene.length);
[INFO] [stdout]     |                                 ^^^^^ -------------------  --------------------------------- supplied 2 arguments
[INFO] [stdout]     |                                 |
[INFO] [stdout]     |                                 expected 1 argument
[INFO] [stdout] 
[INFO] [stdout] 
[INFO] [stdout] error: aborting due to 18 previous errors
[INFO] [stdout] 
[INFO] [stdout] 
[INFO] [stdout] Some errors have detailed explanations: E0061, E0432, E0599.
[INFO] [stdout] 
[INFO] [stdout] For more information about an error, try `rustc --explain E0061`.
[INFO] [stdout] 
[INFO] [stdout] error[E0061]: this function takes 1 argument but 2 arguments were supplied
[INFO] [stdout]    --> src/gene.rs:114:49
[INFO] [stdout]     |
[INFO] [stdout] 114 |             gene.code = Some(String::from(bases.slice(3, 10)))
[INFO] [stdout]     |                                                 ^^^^^ -  -- supplied 2 arguments
[INFO] [stdout]     |                                                 |
[INFO] [stdout]     |                                                 expected 1 argument
[INFO] [stdout] 
[INFO] [stdout] 
[INFO] [stdout] error: aborting due to 17 previous errors
[INFO] [stdout] 
[INFO] [stdout] 
[INFO] [stdout] Some errors have detailed explanations: E0061, E0432, E0599.
[INFO] [stdout] 
[INFO] [stdout] For more information about an error, try `rustc --explain E0061`.
[INFO] [stdout] 
[INFO] [stderr] error: could not compile `endo`.
[INFO] [stderr] 
[INFO] [stderr] To learn more, run the command again with --verbose.
[INFO] [stderr] warning: build failed, waiting for other jobs to finish...
[INFO] [stderr] error: build failed
[INFO] running `Command { std: "docker" "inspect" "0f233ea52de5936dd5676eab8b31c8a20d38ebf50dadc26de176cc739efa25d0", kill_on_drop: false }`
[INFO] running `Command { std: "docker" "rm" "-f" "0f233ea52de5936dd5676eab8b31c8a20d38ebf50dadc26de176cc739efa25d0", kill_on_drop: false }`
[INFO] [stdout] 0f233ea52de5936dd5676eab8b31c8a20d38ebf50dadc26de176cc739efa25d0
